(-4 + 5)) + (4 + 10 + -109 - -1)?
-93
Calculate -69 + 48 - (-49 + 101).
-73
What is -1451 + 1422 + (0 - -22)?
-7
What is the value of (-47 + 17 + -5 - -22) + (3 + 73 - 7)?
56
What is 13 - (-7 - (18 - 2 - (0 - 0)))?
36
-1677 - -1667 - (-1 - -5)
-14
What is the value of 70 + -6 + -14 + -3 + 25 - (-15 - -1)?
86
-2 - 4 - 5 - (-56 - (8 + 9))
62
What is the value of 7 - ((-10 - -18) + (2 - -43 - 0))?
-46
What is 14 + 0 + 55 + -2 + (11 - (-3 + 2))?
79
Calculate -151 - -138 - (-99 + (26 - 10)).
70
What is -47 + (5 - 6) + (3 - -4) + -1?
-42
What is (21 - (8 + 3 + -3)) + -31 - 8?
-26
Calculate -994 - -1003 - (-7 + -1) - (-17 - 0).
34
-5 - (-2 + 5 + -4) - (4 - -29)
-37
What is the value of (734 - 695) + (-2 - 66)?
-29
What is the value of -1 + (-2 - 2) + (-384 - -397)?
8
Calculate (-1393 - -1330) + (-1 - 12 - -1) - -15.
-60
Calculate (-1 - 14) + (-1 - 0) + 7283 + -7332.
-65
What is the value of -2 + 0 - (3 + 32 + (10 - -4 - 18))?
-33
-1 + -2 + -76 - (-36 + 1 + 44)
-88
3 + -95 + 102 + (11 - 3) + -8
10
-4 - -11 - 11 - -11 - (41 - -9)
-43
What is the value of 54 + -49 + 40 + -14 + 7?
38
Evaluate -10 - (-17 + (8 - 7) + -130 + 142).
-6
-59 - 74 - -128 - (0 - 0)
-5
Evaluate (-95 - ((-3 - 27) + -15)) + 43.
-7
-59 + (58 - 10) - (-85 - (-3 - (-1 - 0)))
72
Evaluate -27 + (7 - 1) + (-15 + 29 - 17).
-24
Evaluate (20 - (6 - 34)) + -18 + 8 + -1 + -8.
29
What is the value of (-14 - (-6 + -17 + 20 - -87)) + -2 + 1?
-99
What is the value of (39 - -2 - 57 - (0 + 25)) + -17?
-58
Calculate -39 + 4 - (6 + 1 + -17 + (-8 - -21)).
-38
What is 21 + (-285 + 267 - (1 - 25))?
27
What is the value of 36 - 2 - (3 + 13 + -3 + 52 + -55)?
24
Evaluate (-62 - -159 - 110 - (97 + 0)) + 9 + 1.
-100
Calculate 73 - (33 + -3 - (77 - 60)).
60
Evaluate 65 + -115 + 12 - -101.
63
48 + -104 + -18 + 6 + 14
-54
Calculate 17 - (45 - (-165 + 153)).
-40
10 + -31 + -8 - (-27 - 1)
-1
What is the value of -38 + 111 + -55 - 40?
-22
Calculate 31 + -130 - 9 - (16 - 59).
-65
What is the value of 41 + 26 + (-45 - -11)?
33
3 + (-3 - 70) - (-325 + 326)
-71
What is the value of 11 + (-3 - -2) + -10 - (-5 + 16)?
-11
(0 - -23) + (-11 - (57 + -28))
-17
What is the value of 0 - ((3 - (7 + 7) - -4) + 8)?
-1
(12 - 7) + 54 + (6 - (-9 - -14))
60
13 + -19 + 125 + (-133 - -78)
64
-20 + -2 + 33 - 3 - 65
-57
What is the value of -10 + 21 + -11 + -1 + -1 + 5 + -8?
-5
Evaluate (-119 + 14 + 37 - (13 + -1 - 2)) + -4.
-82
-26 + (-5 - (-2 + -3)) + (-206 - -220)
-12
What is the value of 131 - 128 - (-3 + 7)?
-1
What is the value of -7 - (2 + -1) - (10235 + -10321)?
78
Calculate 1 - -38 - (64 + -35 + 72).
-62
Evaluate 19 + (21 - (27 + 16)) - (98 - (5 + 0)).
-96
Calculate -22 + 33 + -18 + (-8 + 6 - (-2 - -57)).
-64
Calculate 33 - (0 + -8) - (80 - 20).
-19
Calculate 40 + (13 + 0 - (-27 + 23 + 18)).
39
Evaluate 11 + -1 + -14 - (-1 - 8 - (0 - 0)).
5
What is the value of 11 - (14 - (-11 + -3) - 8 - -9)?
-18
54 - (46 + -2 - (-74 + 100))
36
What is the value of -140 - (-45 - -2 - (-7 + -12 + -3))?
-119
What is (110 - 26) + -214 + 225 + (1 - 25)?
71
-92 + 11 + (-59 - -32) + -15
-123
What is -19 + (74 - 88) + -1 + 1?
-33
What is -5 - (-13 + (1 - -15) - -1) - -27?
18
What is 1162 - 1104 - (134 + -11)?
-65
Evaluate 7 + -13 + 24 - (263 - 247).
2
32 + (3 + 13 - 6) + 2 + (4 - 6)
42
-1 + (2 - ((-12 - 24) + 16))
21
What is -295 + 264 + -5 + 1 + 0 + 17?
-18
-208 - (-36 + 145 + -177)
-140
Calculate (-33 - (-2 + 8)) + -6 + (38 - 53).
-60
Evaluate (10 - 3) + -45 + -89 + 82 + 13 + -1.
-33
Calculate (-6 - -20) + (-11 - (-2 + -7) - 53).
-41
What is the value of -40 - (7 - (-5 + (7 - (-10 - -6))))?
-41
What is -4 - (-22 + 7 + 7 - -14) - 3?
-13
Evaluate 7 - -1 - (-73 - -67) - (-23 - 9).
46
(-71 + 0 - (-20 + 36)) + 31
-56
What is 4 - (129 + -41 + -24)?
-60
What is (3 - 12) + -87 + 24 - (2 - 0)?
-74
Calculate -40 + 6 - (-63 - -49).
-20
Calculate 90 - (-1 - -1) - (13 - (-7 - 8) - 25).
87
What is 10 + (-8 - (-8 + (-2 - -1) + -2))?
13
What is 4 + 2 - ((-3 - -14 - -17) + -28)?
6
What is (25 - -1 - (1 + -9 + 25)) + -3 + 76?
82
What is 1 + -49 - (254 + -293)?
-9
What is the value of (51 - 2) + (1 - -10) + -21 + 10 + -4?
45
-89 - 50 - (-51 - -17)
-105
Evaluate 39 + 6 + -32 - ((2 - (-5 - -2)) + -94).
102
Calculate 157 + -59 + (33 - 65).
66
Calculate 26 - (16 + -35 + 48) - -42.
39
Evaluate 79 + (2 - 134) + 128.
75
Evaluate 3963 - 3851 - (0 + 0 + 14) - 2.
96
(2 - (1 + 0)) + 49 + (2 - -25 - 22)
55
Calculate 0 - 48 - ((-38 - -27) + 33 - 25).
-45
Evaluate (427 - 364) + (7 - 30).
40
What is -39 - 0 - (1333 + -1304 + (1 - 26))?
-43
Evaluate (-7 - ((-5 - 0 - -3) + -2)) + (1427 - 1357).
67
What is the value of 19859 + -19897 + (4 - 2 - -3)?
-33
What is the value of -17 + (-32 + -30 - -87)?
8
What is 6 + 49 + -22 + -43?
-10
What is the value of 23 + (11 - (0 - -10)) + -13 + -25?
-14
What is the value of -1404 - -1424 - (104 - (1 + (4 - 2)))?
-81
Evaluate 0 - (110 - (0 - (43 + -37))).
-116
Calculate -13348 + 13332 - (-2 + -98).
84
What is the value of (-50 - 12) + (-146 - -158)?
-50
Evaluate 4 + -83 + 0 - (50 + -96 + 38).
-71
Calculate -33 + -99 + 90 + (3 - -13) + (0 - 2).
-28
77 - (114 - (72 - 15))
20
What is the value of (43 - (-36 + 52)) + -7?
20
(6 - 0) + (44 - (-132 - -170))
12
Calculate 70 + (-14 - -14) + (0 + 25 - 5).
90
What is the value of (-346 - -114) + 239 + (2 + 1 - (1 + 0))?
9
What is the value of 7 - (-4 - (-19 - -1)) - (36 - 0)?
-43
What is the value of -32 - (-16 + 3 - (39 - 52) - 2)?
-30
-53 + (45 - (-56 - -117))
-69
Evaluate -16 + (20 - -1 - (-22 - -19)).
8
Evaluate -8 + (10 - (7 + (-3 - -1) + (-5 - -114))).
-112
-47 + 3 + 2 + -8 + (118 - 117)
-49
-29 + (5 + (-16 - -2) - -27)
-11
What is (114 - 299) + 102 + 187?
104
Calculate 4 - -6 - (5 + 8) - (-14 + -3 + 11).
3
-66 + 15 + -3 - (2 + -22)
-34
Calculate -91 + (-2 - (-4 - -2)) - (6632 - 6643) - 9.
-89
What is (-28 - (68 + -62)) + 7?
-27
Evaluate -8 + 28 - (-3 - -30).
-7
2 + 21 + (-14 - -14) + 10
33
Calculate 9 + 3 + (-21 - (33 + -31)).
-11
Calculate -73 + (95 - 94) + 63.
-9
What is the value of (68 - (1 + 1)) + -4 + (450 - 451)?
61
What is the value of -76 + 138 - (-18 + -2 - -48)?
34
(-96 - (-40 + 31)) + 81
-6
What is the value of 498 - 480 - ((-4 - -3) + 60)?
-41
Evaluate 19 + (27 - 31) + 4 + 5 + -6.
18
What is (0 + -1 - -12) + (-52 - -49 - -6)?
14
What is the value of 30 + -49 + 147 + -39 - -37?
126
What is (-49 - -5 - (1 - -10) - 5) + -13 - 7?
-80
What is the value of -12 + (11 - 12) + 7 + 11 - (61 + 3)?
-59
What is -66 + 8 + 47 - 19?
-30
What is the value of -5 - (10 + (-3 - -2) - (-34 - -52))?
4
Evaluate 1 - 13 - ((9 + 11 - -5) + -3 + -61).
27
What is the value of 9 + 5 + (118 - 68 - 58)?
6
Evaluate (27 - (-18 + -9 + -8)) + -21.
41
Evaluate (-1 + 0 - -5) + (-173 - -16 - -72).
-81
-13 + 97 + -28 + 16 + -3 + 7
76
What is the value of -38 - (-45 - 41) - 30?
18
What is (28 - (66 - 9 - 7)) + 36?
14
(-10 + -7 - -22) + 22 - 12
15
What is (6 - -2) + 53 + 0 + 68 + (-8 - 70)?
51
What is (-95 - -25) + 12 + -5 + 23?
-40
What is -2 - (-4 + 26 + -26) - 46?
-44
Evaluate -26 + 17 + -23 + 29 + -34.
-37
What is 11 + -31 + 27 + -2 + (2 - 2 - -10)?
15
What is 12 - ((21 - 22 - -55) + -11)?
-31
What is the value of (1129 - 1127) + -3 + 59?
58
(-3 + -6 - -63) + -3 + -18
33
13 - (-3 - (6 + (-12 - 0))) - (-2 - -3)
9
Calculate -4 - (6 + (-2 - -4) - (150 + -96)).
42
Calculate 3 + 103 - 10 - 146.
-50
-7 + (6 - (-29 + 17)) + -21 - 9
-19
23 + (-34 - (62 + -95)) + 5 + (-2 - 0)
25
-25 + -167 + 172 + (-12 - -1) - (8 + -21)
-18
Calculate 14 + (-61 - (-22 + -22)) - (50 + (-1 - 0)).
-52
Evaluate 47 + (3 + (16 - 44) - -27).
49
-12 - (32 + (10 - 16) - 29)
-9
What is the value of (-117 - (17 - 13 - 10)) + 4 - 5?
-112
Evaluate (-20 - 82) + 33 + 104.
35
25 + -29 + (2 - 61 - 1)
-64
Evaluate 0 + 2 + -16 + 56 + -69 + 28.
1
5 + -11 + (15 - 34) + -13 - -9
-29
What is the value of -68 + 26 + (22 - -70)?
50
What is -454 + 456 + 1 + -24?
-21
What is (19 - -113) + -18 + -121?
-7
1780 + -1804 - (41 - 0)
-65
Calculate 10 - ((-18 - (-12 + 4)) + -4 + (-1 - 96)).
121
21 + -68 + 26 + 25 + -47 - (14 + -1)
-56
What is the value of 33 - (-12 + -1 + 4 + -6)?
48
Evaluate -805 - -827 - (-8 + 17).
13
-49 + -1 + 23 + (37 - 45)
-35
Evaluate 17 - (12 + -16) - 3 - (14 + -2).
6
What is -1139 + 1162 + (3 - 0) + -46?
-20
3 + 1 + 2 + -2 + -16 + (-378 - -424)
34
Calculate 